{"id":737,"date":"2021-01-23T11:46:45","date_gmt":"2021-01-23T09:46:45","guid":{"rendered":"http:\/\/kinderhilfe-mesopotamien.de\/kime-prd\/?page_id=737"},"modified":"2021-01-27T23:42:28","modified_gmt":"2021-01-27T21:42:28","slug":"ueber-uns","status":"publish","type":"page","link":"https:\/\/kinderhilfe-mesopotamien.de\/kime-prd\/?page_id=737","title":{"rendered":"\u00dcber uns"},"content":{"rendered":"\n<figure class=\"wp-block-image size-large\"><img loading=\"lazy\" decoding=\"async\" width=\"1000\" height=\"150\" src=\"http:\/\/kinderhilfe-mesopotamien.de\/kime-prd\/wp-content\/uploads\/2014\/03\/logo1.png\" alt=\"\" class=\"wp-image-271\" srcset=\"https:\/\/kinderhilfe-mesopotamien.de\/kime-prd\/wp-content\/uploads\/2014\/03\/logo1.png 1000w, https:\/\/kinderhilfe-mesopotamien.de\/kime-prd\/wp-content\/uploads\/2014\/03\/logo1-600x90.png 600w, https:\/\/kinderhilfe-mesopotamien.de\/kime-prd\/wp-content\/uploads\/2014\/03\/logo1-300x45.png 300w\" sizes=\"auto, (max-width: 1000px) 100vw, 1000px\" \/><\/figure>\n\n\n\n<p>Kinderhilfe Mesopotamien e.V. ist ein eingetragener, als gemeinn\u00fctzig anerkannter Kinderhilfsverein in K\u00f6ln, der urspr\u00fcnglich von Absolventen der K\u00f6lner Hochschulen im Mai 2008 in K\u00f6ln gegr\u00fcndet wurde und sich zum Ziel gesetzt hat, Kinder bei der Wahrnehmung ihrer Rechte auf Bildung, Ausbildung und Gesundheit zu unterst\u00fctzen.<\/p>\n\n\n\n<p>So wurde bislang Hunderten von Sch\u00fclern im S\u00fcdosten der T\u00fcrkei durch Schulstipendien, im Norden Syriens durch den Bau einer Berufsschule und ezidischen Waisen im Nordirak geholfen, genau diese Rechte, insbesondere das Recht auf Bildung und Ausbildung wahrzunehmen. Unsere Projekte haben immer das Ziel ganz konkret bei einem bestimmten Problem vor Ort zu helfen, transparent und m\u00f6glichst zeitnah. So machen wir also neben unseren langfristigen Schulpatenschaftsprojekten immer wieder Aktionen wie die Ausstattung von Sch\u00fclern aus \u00e4rmeren Familien aus einer bestimmten Stadt mit Schultaschen \/ Schulmaterialien.&nbsp;<\/p>\n\n\n\n<p>Unser aktuelles Projekt hat zum Ziel Sch\u00fcler*innen aus armen Familien mit digitalen Endger\u00e4ten auszustatten, damit sie ihr Recht auf Bildung trotz der corona-pandemiebedingten Schul-Schlie\u00dfungen ihr Recht auf Bildung wahrnehmen k\u00f6nnen. Hierbei m\u00fcssen wir erw\u00e4hnen, dass insbesondere in der T\u00fcrkei die Unterst\u00fctzung von Kooperationspartnern vor Ort immer schwieriger wird, weil diese teilweise von der zunehmend autorit\u00e4ren Regierung verboten werden oder Repressalien ausgesetzt sind.<\/p>\n\n\n\n<p>Dar\u00fcber hinaus haben wir bei Naturkatastrophen wie Erdbeben und \u00dcberschwemmungen und auch bei Krieg und Vertreibung den hilfsbed\u00fcrftigen Menschen mit konkreter, direkter Hilfe vor Ort geholfen, in dem wir Heizk\u00f6rperm Lebensmittel usw. an die Menschen verteilt haben.<\/p>\n\n\n\n<p>So haben wir mit weiteren K\u00f6lner NGO\u2019s im Rahmen einer gemeinsamen Initiative \u201cK\u00f6lner Helfen\u201c ab September 2014 den Fl\u00fcchtlingen aus Syrien und Irak mit Lebensmittelverteilung (im Wert von \u00fcber 50.000 \u20ac) in den Fl\u00fcchtlingskamps vor Ort helfen k\u00f6nnen. Auch haben wir uns am Bau der oben genannten Berufsschule und eines Waisenhauses in der Stadt Kobane (mit einer Unterst\u00fctzung in H\u00f6he von ca. 60.000 \u20ac) beteiligt.&nbsp;<\/p>\n\n\n\n<p>Aber wir sind auch in K\u00f6ln aktiv, in dem wir verschiede Aktionen f\u00fcr Kinder organisieren, seit 2011 aktiv am Weltkindertag teilnehmen und auch hier Fl\u00fcchtlingshilfe leisten.&nbsp;<\/p>\n\n\n\n<p>Wir finanzieren unsere Projekte durch Aktionen, Spenden und Mitgliedsgelder, die wir ohne gro\u00dfen administrativen Aufwand den Bed\u00fcrftigen zugutekommen lassen. Gerne k\u00f6nnen Sie sich auch auf unserer Homepage, auf Facebook und Instagram von unseren Aktivit\u00e4ten \u00fcberzeugen.<\/p>\n","protected":false},"excerpt":{"rendered":"<p>Kinderhilfe Mesopotamien e.V. ist ein eingetragener, als gemeinn\u00fctzig anerkannter Kinderhilfsverein in K\u00f6ln, der urspr\u00fcnglich von Absolventen der K\u00f6lner Hochschulen im Mai 2008 in K\u00f6ln gegr\u00fcndet wurde und sich zum Ziel gesetzt hat, Kinder bei der Wahrnehmung ihrer Rechte auf Bildung, Ausbildung und Gesundheit zu unterst\u00fctzen. So wurde bislang Hunderten von [&hellip;]<\/p>\n","protected":false},"author":5,"featured_media":0,"parent":0,"menu_order":0,"comment_status":"closed","ping_status":"closed","template":"","meta":{"ngg_post_thumbnail":0,"footnotes":""},"class_list":["post-737","page","type-page","status-publish","hentry"],"jetpack_sharing_enabled":true,"jetpack_shortlink":"https:\/\/wp.me\/PbsrxO-bT","_links":{"self":[{"href":"https:\/\/kinderhilfe-mesopotamien.de\/kime-prd\/index.php?rest_route=\/wp\/v2\/pages\/737","targetHints":{"allow":["GET"]}}],"collection":[{"href":"https:\/\/kinderhilfe-mesopotamien.de\/kime-prd\/index.php?rest_route=\/wp\/v2\/pages"}],"about":[{"href":"https:\/\/kinderhilfe-mesopotamien.de\/kime-prd\/index.php?rest_route=\/wp\/v2\/types\/page"}],"author":[{"embeddable":true,"href":"https:\/\/kinderhilfe-mesopotamien.de\/kime-prd\/index.php?rest_route=\/wp\/v2\/users\/5"}],"replies":[{"embeddable":true,"href":"https:\/\/kinderhilfe-mesopotamien.de\/kime-prd\/index.php?rest_route=%2Fwp%2Fv2%2Fcomments&post=737"}],"version-history":[{"count":2,"href":"https:\/\/kinderhilfe-mesopotamien.de\/kime-prd\/index.php?rest_route=\/wp\/v2\/pages\/737\/revisions"}],"predecessor-version":[{"id":745,"href":"https:\/\/kinderhilfe-mesopotamien.de\/kime-prd\/index.php?rest_route=\/wp\/v2\/pages\/737\/revisions\/745"}],"wp:attachment":[{"href":"https:\/\/kinderhilfe-mesopotamien.de\/kime-prd\/index.php?rest_route=%2Fwp%2Fv2%2Fmedia&parent=737"}],"curies":[{"name":"wp","href":"https:\/\/api.w.org\/{rel}","templated":true}]}}